{"id":14,"date":"2021-04-22T14:26:28","date_gmt":"2021-04-22T14:26:28","guid":{"rendered":"http:\/\/localhost\/estdemo\/login-page\/"},"modified":"2021-06-11T19:42:51","modified_gmt":"2021-06-11T19:42:51","slug":"login-page","status":"publish","type":"page","link":"https:\/\/www.bomberos.gob.pa\/estaciones\/login-page\/","title":{"rendered":"Login Page"},"content":{"rendered":"<div class=\"login-form-container cth-wide-form\">\n    \n    <!-- Show errors if there are any -->\n    \n    <!-- Show logged out message if user just logged out -->\n    \n    \n         \n    <form name=\"loginform\" id=\"loginform\" action=\"https:\/\/www.bomberos.gob.pa\/estaciones\/wp-login.php\" method=\"post\"><p class=\"login-username\">\n\t\t\t\t<label for=\"user_login\">Username<\/label>\n\t\t\t\t<input type=\"text\" name=\"log\" id=\"user_login\" autocomplete=\"username\" class=\"input\" value=\"\" size=\"20\" \/>\n\t\t\t<\/p><p class=\"login-password\">\n\t\t\t\t<label for=\"user_pass\">Contrase\u00f1a<\/label>\n\t\t\t\t<input type=\"password\" name=\"pwd\" id=\"user_pass\" autocomplete=\"current-password\" spellcheck=\"false\" class=\"input\" value=\"\" size=\"20\" \/>\n\t\t\t<\/p><input type=\"hidden\" name=\"cth-enable-recaptcha\" value=\"1\"><p class=\"login-remember\"><label><input name=\"rememberme\" type=\"checkbox\" id=\"rememberme\" value=\"forever\" \/> Recu\u00e9rdame<\/label><\/p><p class=\"login-submit\">\n\t\t\t\t<input type=\"submit\" name=\"wp-submit\" id=\"wp-submit\" class=\"button button-primary\" value=\"Sign In\" \/>\n\t\t\t\t<input type=\"hidden\" name=\"redirect_to\" value=\"\" \/>\n\t\t\t<\/p><\/form>     \n    <p><a class=\"forgot-password\" href=\"https:\/\/www.bomberos.gob.pa\/estaciones\/forget-password-page\/\">\n        Forgot your password?    <\/a> | <a class=\"forgot-password\" href=\"https:\/\/www.bomberos.gob.pa\/estaciones\/wp-login.php?action=register\">\n        Register new account    <\/a><\/p>\n\n        <div class=\"dfsoc-log fl-wrap\">\n        <p>For faster login or register use your social account.<\/p>\r\n[fbl_login_button redirect=\"\" hide_if_logged=\"\" size=\"large\" type=\"continue_with\" show_face=\"true\"]    <\/div>\n        \n<\/div>\n\n\n\n<p><\/p>\n","protected":false},"excerpt":{"rendered":"","protected":false},"author":1,"featured_media":0,"parent":0,"menu_order":0,"comment_status":"closed","ping_status":"closed","template":"page-sidebar-no.php","meta":{"footnotes":""},"class_list":["post-14","page","type-page","status-publish","hentry"],"yoast_head":"<!-- This site is optimized with the Yoast SEO plugin v26.2 - https:\/\/yoast.com\/wordpress\/plugins\/seo\/ -->\r\n<title>Login Page - Estaciones de Bomberos Panam\u00e1<\/title>\r\n<meta name=\"robots\" content=\"index, follow, max-snippet:-1, max-image-preview:large, max-video-preview:-1\" \/>\r\n<link rel=\"canonical\" href=\"https:\/\/www.bomberos.gob.pa\/estaciones\/login-page\/\" \/>\r\n<meta property=\"og:locale\" content=\"es_ES\" \/>\r\n<meta property=\"og:type\" content=\"article\" \/>\r\n<meta property=\"og:title\" content=\"Login Page - Estaciones de Bomberos Panam\u00e1\" \/>\r\n<meta property=\"og:url\" content=\"https:\/\/www.bomberos.gob.pa\/estaciones\/login-page\/\" \/>\r\n<meta property=\"og:site_name\" content=\"Estaciones de Bomberos Panam\u00e1\" \/>\r\n<meta property=\"article:publisher\" content=\"https:\/\/www.facebook.com\/bomberosdepanama\/\" \/>\r\n<meta property=\"article:modified_time\" content=\"2021-06-11T19:42:51+00:00\" \/>\r\n<meta property=\"og:image\" content=\"https:\/\/www.bomberos.gob.pa\/estaciones\/wp-content\/uploads\/2021\/06\/logo-bomberos-fondo-blanco-web.jpg\" \/>\r\n\t<meta property=\"og:image:width\" content=\"800\" \/>\r\n\t<meta property=\"og:image:height\" content=\"533\" \/>\r\n\t<meta property=\"og:image:type\" content=\"image\/jpeg\" \/>\r\n<meta name=\"twitter:card\" content=\"summary_large_image\" \/>\r\n<meta name=\"twitter:site\" content=\"@BCBRP\" \/>\r\n<script type=\"application\/ld+json\" class=\"yoast-schema-graph\">{\"@context\":\"https:\/\/schema.org\",\"@graph\":[{\"@type\":\"WebPage\",\"@id\":\"https:\/\/www.bomberos.gob.pa\/estaciones\/login-page\/\",\"url\":\"https:\/\/www.bomberos.gob.pa\/estaciones\/login-page\/\",\"name\":\"Login Page - Estaciones de Bomberos Panam\u00e1\",\"isPartOf\":{\"@id\":\"https:\/\/www.bomberos.gob.pa\/estaciones\/#website\"},\"datePublished\":\"2021-04-22T14:26:28+00:00\",\"dateModified\":\"2021-06-11T19:42:51+00:00\",\"breadcrumb\":{\"@id\":\"https:\/\/www.bomberos.gob.pa\/estaciones\/login-page\/#breadcrumb\"},\"inLanguage\":\"es\",\"potentialAction\":[{\"@type\":\"ReadAction\",\"target\":[\"https:\/\/www.bomberos.gob.pa\/estaciones\/login-page\/\"]}]},{\"@type\":\"BreadcrumbList\",\"@id\":\"https:\/\/www.bomberos.gob.pa\/estaciones\/login-page\/#breadcrumb\",\"itemListElement\":[{\"@type\":\"ListItem\",\"position\":1,\"name\":\"Portada\",\"item\":\"https:\/\/www.bomberos.gob.pa\/estaciones\/\"},{\"@type\":\"ListItem\",\"position\":2,\"name\":\"Login Page\"}]},{\"@type\":\"WebSite\",\"@id\":\"https:\/\/www.bomberos.gob.pa\/estaciones\/#website\",\"url\":\"https:\/\/www.bomberos.gob.pa\/estaciones\/\",\"name\":\"Estaciones de Bomberos Panam\u00e1\",\"description\":\"Ubicaciones de Estaciones de Bomberos en Panam\u00e1\",\"publisher\":{\"@id\":\"https:\/\/www.bomberos.gob.pa\/estaciones\/#organization\"},\"potentialAction\":[{\"@type\":\"SearchAction\",\"target\":{\"@type\":\"EntryPoint\",\"urlTemplate\":\"https:\/\/www.bomberos.gob.pa\/estaciones\/?s={search_term_string}\"},\"query-input\":{\"@type\":\"PropertyValueSpecification\",\"valueRequired\":true,\"valueName\":\"search_term_string\"}}],\"inLanguage\":\"es\"},{\"@type\":\"Organization\",\"@id\":\"https:\/\/www.bomberos.gob.pa\/estaciones\/#organization\",\"name\":\"Benem\u00e9rito Cuerpo de Bomberos de la Rep\u00fablica de Panam\u00e1\",\"url\":\"https:\/\/www.bomberos.gob.pa\/estaciones\/\",\"logo\":{\"@type\":\"ImageObject\",\"inLanguage\":\"es\",\"@id\":\"https:\/\/www.bomberos.gob.pa\/estaciones\/#\/schema\/logo\/image\/\",\"url\":\"http:\/\/www.bomberos.gob.pa\/estaciones\/wp-content\/uploads\/2021\/06\/logo-bomberos-fondo-blanco-web.jpg\",\"contentUrl\":\"http:\/\/www.bomberos.gob.pa\/estaciones\/wp-content\/uploads\/2021\/06\/logo-bomberos-fondo-blanco-web.jpg\",\"width\":800,\"height\":533,\"caption\":\"Benem\u00e9rito Cuerpo de Bomberos de la Rep\u00fablica de Panam\u00e1\"},\"image\":{\"@id\":\"https:\/\/www.bomberos.gob.pa\/estaciones\/#\/schema\/logo\/image\/\"},\"sameAs\":[\"https:\/\/www.facebook.com\/bomberosdepanama\/\",\"https:\/\/x.com\/BCBRP\",\"https:\/\/www.instagram.com\/bomberospanama\/\",\"https:\/\/www.youtube.com\/c\/BomberosDePanamaBCBRP\"]}]}<\/script>\r\n<!-- \/ Yoast SEO plugin. -->","yoast_head_json":{"title":"Login Page - Estaciones de Bomberos Panam\u00e1","robots":{"index":"index","follow":"follow","max-snippet":"max-snippet:-1","max-image-preview":"max-image-preview:large","max-video-preview":"max-video-preview:-1"},"canonical":"https:\/\/www.bomberos.gob.pa\/estaciones\/login-page\/","og_locale":"es_ES","og_type":"article","og_title":"Login Page - Estaciones de Bomberos Panam\u00e1","og_url":"https:\/\/www.bomberos.gob.pa\/estaciones\/login-page\/","og_site_name":"Estaciones de Bomberos Panam\u00e1","article_publisher":"https:\/\/www.facebook.com\/bomberosdepanama\/","article_modified_time":"2021-06-11T19:42:51+00:00","og_image":[{"width":800,"height":533,"url":"https:\/\/www.bomberos.gob.pa\/estaciones\/wp-content\/uploads\/2021\/06\/logo-bomberos-fondo-blanco-web.jpg","type":"image\/jpeg"}],"twitter_card":"summary_large_image","twitter_site":"@BCBRP","schema":{"@context":"https:\/\/schema.org","@graph":[{"@type":"WebPage","@id":"https:\/\/www.bomberos.gob.pa\/estaciones\/login-page\/","url":"https:\/\/www.bomberos.gob.pa\/estaciones\/login-page\/","name":"Login Page - Estaciones de Bomberos Panam\u00e1","isPartOf":{"@id":"https:\/\/www.bomberos.gob.pa\/estaciones\/#website"},"datePublished":"2021-04-22T14:26:28+00:00","dateModified":"2021-06-11T19:42:51+00:00","breadcrumb":{"@id":"https:\/\/www.bomberos.gob.pa\/estaciones\/login-page\/#breadcrumb"},"inLanguage":"es","potentialAction":[{"@type":"ReadAction","target":["https:\/\/www.bomberos.gob.pa\/estaciones\/login-page\/"]}]},{"@type":"BreadcrumbList","@id":"https:\/\/www.bomberos.gob.pa\/estaciones\/login-page\/#breadcrumb","itemListElement":[{"@type":"ListItem","position":1,"name":"Portada","item":"https:\/\/www.bomberos.gob.pa\/estaciones\/"},{"@type":"ListItem","position":2,"name":"Login Page"}]},{"@type":"WebSite","@id":"https:\/\/www.bomberos.gob.pa\/estaciones\/#website","url":"https:\/\/www.bomberos.gob.pa\/estaciones\/","name":"Estaciones de Bomberos Panam\u00e1","description":"Ubicaciones de Estaciones de Bomberos en Panam\u00e1","publisher":{"@id":"https:\/\/www.bomberos.gob.pa\/estaciones\/#organization"},"potentialAction":[{"@type":"SearchAction","target":{"@type":"EntryPoint","urlTemplate":"https:\/\/www.bomberos.gob.pa\/estaciones\/?s={search_term_string}"},"query-input":{"@type":"PropertyValueSpecification","valueRequired":true,"valueName":"search_term_string"}}],"inLanguage":"es"},{"@type":"Organization","@id":"https:\/\/www.bomberos.gob.pa\/estaciones\/#organization","name":"Benem\u00e9rito Cuerpo de Bomberos de la Rep\u00fablica de Panam\u00e1","url":"https:\/\/www.bomberos.gob.pa\/estaciones\/","logo":{"@type":"ImageObject","inLanguage":"es","@id":"https:\/\/www.bomberos.gob.pa\/estaciones\/#\/schema\/logo\/image\/","url":"http:\/\/www.bomberos.gob.pa\/estaciones\/wp-content\/uploads\/2021\/06\/logo-bomberos-fondo-blanco-web.jpg","contentUrl":"http:\/\/www.bomberos.gob.pa\/estaciones\/wp-content\/uploads\/2021\/06\/logo-bomberos-fondo-blanco-web.jpg","width":800,"height":533,"caption":"Benem\u00e9rito Cuerpo de Bomberos de la Rep\u00fablica de Panam\u00e1"},"image":{"@id":"https:\/\/www.bomberos.gob.pa\/estaciones\/#\/schema\/logo\/image\/"},"sameAs":["https:\/\/www.facebook.com\/bomberosdepanama\/","https:\/\/x.com\/BCBRP","https:\/\/www.instagram.com\/bomberospanama\/","https:\/\/www.youtube.com\/c\/BomberosDePanamaBCBRP"]}]}},"_links":{"self":[{"href":"https:\/\/www.bomberos.gob.pa\/estaciones\/wp-json\/wp\/v2\/pages\/14","targetHints":{"allow":["GET"]}}],"collection":[{"href":"https:\/\/www.bomberos.gob.pa\/estaciones\/wp-json\/wp\/v2\/pages"}],"about":[{"href":"https:\/\/www.bomberos.gob.pa\/estaciones\/wp-json\/wp\/v2\/types\/page"}],"author":[{"embeddable":true,"href":"https:\/\/www.bomberos.gob.pa\/estaciones\/wp-json\/wp\/v2\/users\/1"}],"replies":[{"embeddable":true,"href":"https:\/\/www.bomberos.gob.pa\/estaciones\/wp-json\/wp\/v2\/comments?post=14"}],"version-history":[{"count":2,"href":"https:\/\/www.bomberos.gob.pa\/estaciones\/wp-json\/wp\/v2\/pages\/14\/revisions"}],"predecessor-version":[{"id":9806,"href":"https:\/\/www.bomberos.gob.pa\/estaciones\/wp-json\/wp\/v2\/pages\/14\/revisions\/9806"}],"wp:attachment":[{"href":"https:\/\/www.bomberos.gob.pa\/estaciones\/wp-json\/wp\/v2\/media?parent=14"}],"curies":[{"name":"wp","href":"https:\/\/api.w.org\/{rel}","templated":true}]}}